{"id":13,"date":"2024-05-15T02:13:08","date_gmt":"2024-05-15T02:13:08","guid":{"rendered":"https:\/\/phuongnamhoteldienbien.com\/?page_id=13"},"modified":"2024-05-15T03:43:42","modified_gmt":"2024-05-15T03:43:42","slug":"13-2","status":"publish","type":"page","link":"https:\/\/phuongnamhoteldienbien.com\/index.php\/13-2\/","title":{"rendered":"Home"},"content":{"rendered":"\r\n\n  <div class=\"banner has-hover is-full-height\" id=\"banner-923005122\">\n          <div class=\"banner-inner fill\">\n        <div class=\"banner-bg fill\" >\n            <div class=\"bg fill bg-fill \"><\/div>\n                                    \n                    <\/div>\n\t\t\n        <div class=\"banner-layers container\">\n            <div class=\"fill banner-link\"><\/div>                <div id=\"text-box-489719198\" class=\"text-box banner-layer text-box-circle x50 md-x50 lg-x50 y85 md-y85 lg-y85 res-text\">\n                     <div data-animate=\"fadeInUp\">           <div class=\"text-box-content text \">\n              \n              <div class=\"text-inner text-center\">\n                   \t<div id=\"text-1683318574\" class=\"text\">\n\t\t\r\n<h1>VINOASIS PH\u00da QU\u1ed0C HOTEL<\/h1>\r\n<p><span style=\"font-size: 120%;\">Kh\u00e1ch s\u1ea1n VinOasis Ph\u00fa Qu\u1ed1c (Wyndham Grand Ph\u00fa Qu\u1ed1c Hotel) c\u00f3 v\u1ecb tr\u00ed ngay b\u00ean b\u00e3i bi\u1ec3n B\u00e3i D\u00e0i tuy\u1ec7t \u0111\u1eb9p thu\u1ed9c khu v\u1ef1c b\u1eafc \u0111\u1ea3o Ph\u00fa Qu\u1ed1c. VinOasis Ph\u00fa Qu\u1ed1c s\u1edf h\u1eefu g\u1ea7n 1.400 ph\u00f2ng ngh\u1ec9 h\u1ea1ng sang v\u00e0 g\u1ea7n 100 c\u0103n villa ngh\u1ec9 d\u01b0\u1ee1ng \u0111\u1eb3ng c\u1ea5p 5 sao ngay b\u00ean b\u00e3i bi\u1ec3n c\u00e1t tr\u1eafng tr\u1ea3i d\u00e0i c\u1ee7a \u0111\u1ea3o Ng\u1ecdc Ph\u00fa Qu\u1ed1c.<\/span><\/p>\r\n\t\t\n<style>\n#text-1683318574 {\n  color: rgb(255,255,255);\n}\n#text-1683318574 > * {\n  color: rgb(255,255,255);\n}\n<\/style>\n\t<\/div>\n\t <div class=\"is-divider divider clearfix\" ><\/div>               <\/div>\n           <\/div>\n       <\/div>                     \n<style>\n#text-box-489719198 .text-box-content {\n  background-color: rgba(115, 147, 242, 0.39);\n  font-size: 100%;\n}\n#text-box-489719198 .text-inner {\n  padding: 2% 2% 2% 2%;\n}\n#text-box-489719198 {\n  width: 85%;\n}\n@media (min-width:550px) {\n  #text-box-489719198 {\n    width: 90%;\n  }\n}\n<\/style>\n    <\/div>\n          <\/div>\n      <\/div>\n\n            \n<style>\n#banner-923005122 {\n  padding-top: 100%;\n}\n#banner-923005122 .bg.bg-loaded {\n  background-image: 28;\n}\n<\/style>\n  <\/div>\n\n \n  <div class=\"banner has-hover\" id=\"banner-859778584\">\n          <div class=\"banner-inner fill\">\n        <div class=\"banner-bg fill\" >\n            <div class=\"bg fill bg-fill \"><\/div>\n                                    \n                    <\/div>\n\t\t\n        <div class=\"banner-layers container\">\n            <div class=\"fill banner-link\"><\/div>                <div id=\"text-box-1986387380\" class=\"text-box banner-layer x50 md-x50 lg-x50 y50 md-y50 lg-y50 res-text\">\n                                <div class=\"text-box-content text \">\n              \n              <div class=\"text-inner text-center\">\n                   \t<div id=\"text-101866680\" class=\"text\">\n\t\t\r\n<h3>LI\u00caN H\u1ec6 T\u01af V\u1ea4N &#8211; B\u00c1O GI\u00c1 &#8211; \u0110\u1eb6T PH\u00d2NG<\/h3>\r\n<p>Qu\u00fd kh\u00e1ch c\u00f3 nhu c\u1ea7u c\u1ea7n t\u01b0 v\u1ea5n, b\u00e1o gi\u00e1 ph\u00f2ng v\u00e0 d\u1ecbch v\u1ee5 vui l\u00f2ng li\u00ean h\u1ec7 t\u01b0 v\u1ea5n vi\u00ean c\u1ee7a ch\u00fang t\u00f4i \u0111\u1ec3 \u0111\u01b0\u1ee3c h\u1ed7 tr\u1ee3 t\u1ed1t nh\u1ea5t. Hi\u1ec7n t\u1ea1i, VinOasis Ph\u00fa Qu\u1ed1c \u0111ang c\u00f3 nhi\u1ec1u ch\u01b0\u01a1ng tr\u00ecnh khuy\u1ebfn m\u00e3i v\u00e0 nhi\u1ec1u g\u00f3i d\u1ecbch v\u1ee5 linh ho\u1ea1t bao g\u1ed3m ph\u00f2ng ngh\u1ec9, c\u00e1c b\u1eefa \u0103n v\u00e0 vui ch\u01a1i t\u1ea1i Vinwonders &amp; Safari Ph\u00fa Qu\u1ed1c.<\/p>\r\n\t<div id=\"text-1776985707\" class=\"text\">\n\t\t\n\n<p>\t<div id=\"gap-2131440169\" class=\"gap-element clearfix\" style=\"display:block; height:auto;\">\n\t\t\n<style>\n#gap-2131440169 {\n  padding-top: 30px;\n}\n<\/style>\n\t<\/div>\n\t <a href=\"#callback-form\" class=\"button alert is-shade is-large\"  style=\"border-radius:22px;\">\n  <i class=\"icon-star\" aria-hidden=\"true\" ><\/i>  <span>Y\u00eau c\u1ea7u t\u01b0 b\u00e1o gi\u00e1 \/\u0111\u1eb7t ph\u00f2ng<\/span>\n  <\/a>\n \t<div id=\"callback-form\"\n\t     class=\"lightbox-by-id lightbox-content mfp-hide lightbox-white \"\n\t     style=\"max-width:600px ;padding:20px\">\n\t\t <p class=\"wpcf7-contact-form-not-found\"><strong>Error:<\/strong> Contact form not found.<\/p> \t<\/div>\n\t\n\t<\/p>\n\t\t\n<style>\n#text-1776985707 {\n  text-align: center;\n}\n<\/style>\n\t<\/div>\n\t\r\n\t\t\n<style>\n#text-101866680 {\n  font-size: 1.2rem;\n  color: rgb(255, 255, 255);\n}\n#text-101866680 > * {\n  color: rgb(255, 255, 255);\n}\n<\/style>\n\t<\/div>\n\t               <\/div>\n           <\/div>\n                            \n<style>\n#text-box-1986387380 {\n  width: 60%;\n}\n#text-box-1986387380 .text-box-content {\n  font-size: 100%;\n}\n@media (min-width:550px) {\n  #text-box-1986387380 {\n    width: 89%;\n  }\n}\n<\/style>\n    <\/div>\n          <\/div>\n      <\/div>\n\n            \n<style>\n#banner-859778584 {\n  padding-top: 400px;\n  background-color: rgb(23, 75, 142);\n}\n<\/style>\n  <\/div>\n\n \t<section class=\"section\" id=\"section_1908363312\">\n\t\t<div class=\"bg section-bg fill bg-fill  bg-loaded\" >\n\n\t\t\t\n\t\t\t\n\t\t\t\n\t<div class=\"is-border\"\n\t\tstyle=\"border-color:rgb(235, 235, 235);border-width:1px 0px 0px 0px;\">\n\t<\/div>\n\n\t\t<\/div>\n\n\t\t\n\n\t\t<div class=\"section-content relative\">\n\t\t\t <div class=\"row\"  id=\"row-143333145\"> \n\t<div id=\"col-1531236972\" class=\"col medium-4 small-12 large-4\"  >\n\t\t\t\t<div class=\"col-inner\"  >\n\t\t\t\n\t\t\t \t<div class=\"box has-hover   has-hover box-text-bottom\" >\n\n\t\t<div class=\"box-image\" >\n\t\t\t\t\t\t<div class=\"\" >\n\t\t\t\t\t\t\t\t\t\t\t\t\t\t\t<\/div>\n\t\t\t\t\t<\/div>\n\n\t\t<div class=\"box-text text-center\" >\n\t\t\t<div class=\"box-text-inner\">\n\t\t\t\t\r\n<h4>Ph\u00f2ng &amp; Villas<\/h4>\r\n<p>S\u1edf h\u1eefu 1.399 ph\u00f2ng kh\u00e1ch s\u1ea1n v\u00e0 villa ngh\u1ec9 d\u01b0\u1ee1ng ti\u00eau chu\u1ea9n 5 sao<\/p>\r\n\t\t\t<\/div>\n\t\t<\/div>\n\t<\/div>\n\t \t\t<\/div>\n\t\t\t\t\t<\/div>\n\n\t \n\t<div id=\"col-1576226737\" class=\"col medium-4 small-12 large-4\"  >\n\t\t\t\t<div class=\"col-inner\"  >\n\t\t\t\n\t\t\t \t<div class=\"box has-hover   has-hover box-text-bottom\" >\n\n\t\t<div class=\"box-image\" >\n\t\t\t\t\t\t<div class=\"\" >\n\t\t\t\t\t\t\t\t\t\t\t\t\t\t\t<\/div>\n\t\t\t\t\t<\/div>\n\n\t\t<div class=\"box-text text-center\" >\n\t\t\t<div class=\"box-text-inner\">\n\t\t\t\t\r\n<h4>H\u1ed3 b\u01a1i<\/h4>\r\n<p>H\u1ed3 b\u01a1i ngo\u00e0i tr\u1eddi di\u1ec7n t\u00edch 1.500m2 v\u1edbi nhi\u1ec1u g\u00f3c check in \u1ea5n t\u01b0\u1ee3ng.<\/p>\r\n\t\t\t<\/div>\n\t\t<\/div>\n\t<\/div>\n\t \t\t<\/div>\n\t\t\t\t\t<\/div>\n\n\t \n\t<div id=\"col-29511294\" class=\"col medium-4 small-12 large-4\"  >\n\t\t\t\t<div class=\"col-inner\"  >\n\t\t\t\n\t\t\t \t<div class=\"box has-hover   has-hover box-text-bottom\" >\n\n\t\t<div class=\"box-image\" >\n\t\t\t\t\t\t<div class=\"\" >\n\t\t\t\t\t\t\t\t\t\t\t\t\t\t\t<\/div>\n\t\t\t\t\t<\/div>\n\n\t\t<div class=\"box-text text-center\" >\n\t\t\t<div class=\"box-text-inner\">\n\t\t\t\t\r\n<h4>B\u00e3i bi\u1ec3n<\/h4>\r\n<p>B\u00e3i bi\u1ec3n B\u00e3i D\u00e0i d\u00e0ng ri\u00eang cho kh\u00e1ch l\u01b0u tr\u00fa t\u1ea1i kh\u00e1ch s\u1ea1n.<\/p>\r\n\t\t\t<\/div>\n\t\t<\/div>\n\t<\/div>\n\t \t\t<\/div>\n\t\t\t\t\t<\/div>\n\n\t <\/div> \t\t<\/div>\n\n\t\t\n<style>\n#section_1908363312 {\n  padding-top: 27px;\n  padding-bottom: 27px;\n  background-color: rgb(245, 245, 245);\n}\n<\/style>\n\t<\/section>\n\t \t<section class=\"section\" id=\"section_586912532\">\n\t\t<div class=\"bg section-bg fill bg-fill  bg-loaded\" >\n\n\t\t\t\n\t\t\t\n\t\t\t\n\n\t\t<\/div>\n\n\t\t\n\n\t\t<div class=\"section-content relative\">\n\t\t\t  \t\t<\/div>\n\n\t\t\n<style>\n#section_586912532 {\n  padding-top: 30px;\n  padding-bottom: 30px;\n  background-color: rgb(1, 25, 76);\n}\n<\/style>\n\t<\/section>\n\t\r\n","protected":false},"excerpt":{"rendered":"","protected":false},"author":1,"featured_media":0,"parent":0,"menu_order":0,"comment_status":"closed","ping_status":"closed","template":"page-transparent-header.php","meta":{"footnotes":""},"class_list":["post-13","page","type-page","status-publish","hentry"],"_links":{"self":[{"href":"https:\/\/phuongnamhoteldienbien.com\/index.php\/wp-json\/wp\/v2\/pages\/13","targetHints":{"allow":["GET"]}}],"collection":[{"href":"https:\/\/phuongnamhoteldienbien.com\/index.php\/wp-json\/wp\/v2\/pages"}],"about":[{"href":"https:\/\/phuongnamhoteldienbien.com\/index.php\/wp-json\/wp\/v2\/types\/page"}],"author":[{"embeddable":true,"href":"https:\/\/phuongnamhoteldienbien.com\/index.php\/wp-json\/wp\/v2\/users\/1"}],"replies":[{"embeddable":true,"href":"https:\/\/phuongnamhoteldienbien.com\/index.php\/wp-json\/wp\/v2\/comments?post=13"}],"version-history":[{"count":19,"href":"https:\/\/phuongnamhoteldienbien.com\/index.php\/wp-json\/wp\/v2\/pages\/13\/revisions"}],"predecessor-version":[{"id":11574,"href":"https:\/\/phuongnamhoteldienbien.com\/index.php\/wp-json\/wp\/v2\/pages\/13\/revisions\/11574"}],"wp:attachment":[{"href":"https:\/\/phuongnamhoteldienbien.com\/index.php\/wp-json\/wp\/v2\/media?parent=13"}],"curies":[{"name":"wp","href":"https:\/\/api.w.org\/{rel}","templated":true}]}}